
Let s(u) = -u**3 - 6*u**2 - 4. Let w be s(-6). Let c = w + 5. Let d = c - -1. What is the units digit of d?
2
Suppose -s = 3*k - 141, 2*k = -4*s + 8*s + 108. What is the units digit of k?
8
Let z(h) = h**3 - 3*h**2 - 3*h + 6. Let y be 6/15 + (-18)/(-5). Suppose 4 = a + 3*w, -w = y*a - 5*w - 16. What is the units digit of z(a)?
0
Let m = 4 + -2. Suppose -2*w - m*w + 96 = 0. Suppose 2*y - 6*n = -2*n + w, 4*y - 18 = 2*n. What is the units digit of y?
2
Let a(i) = -i**3 - i**2 - i - 2. Let j be a(-2). Suppose 0 = 3*k - k - 12. What is the units digit of 22/6 - j/k?
3
Suppose -4*j = 4*g - 2*g - 4, -5*g - 18 = 3*j. Let y(q) = q**2 + 3*q - 7. What is the tens digit of y(g)?
1
Let k(j) = -j - 3. Let h be k(-5). Let l be (-85)/(-35) + 8/14. What is the units digit of l/3*(3 - h)?
1
Let k be ((-150)/(-9))/(4/6). Suppose r = 2*r - k. What is the tens digit of r?
2
Let i = -139 - -380. What is the hundreds digit of i?
2
Let i be 195/10 + 1/2. Suppose -4*v = v - i. Let m = v + 0. What is the units digit of m?
4
What is the tens digit of (-56)/(-2*(7/2 - 3))?
5
Let p(l) = -l - 9. Let h be p(9). Let f = 29 + h. What is the units digit of f?
1
Let v(g) = 4*g**2 + 2*g - 2. Let d be v(-3). Suppose 4*p + d = 2*z, 8*p - 25 = 3*p. What is the tens digit of z?
2
Let d(n) = n**3 - 3*n**2 - 6*n - 1. Let a(x) = x - 1. Let y be a(6). Let i be d(y). Suppose i = 3*z - k - 10, z - k = 7. What is the units digit of z?
1
Suppose 6*p - 2*p = 28. Let i = p - 1. Suppose 4*m - i = -4*c + 30, 5*c - 52 = 2*m. What is the tens digit of c?
1
Suppose -6*n + 88 = -2*n. What is the tens digit of n?
2
Let m be (-2)/(-7) + (-58)/7. Let g(z) = -z - 7. What is the units digit of g(m)?
1
Let r(w) = -w**3 + 5*w**2 + 8*w - 7. Let d be r(6). Let o = d + 1. Suppose -o - 6 = -2*k. What is the units digit of k?
6
Suppose 2*k + w - 85 = -2*w, -3*w + 123 = 3*k. What is the units digit of k?
8
Let d = -1 - -5. Suppose 4*j - d*m - 32 = 0, -2*j = -4*m - 0*m - 10. What is the units digit of j?
1
Let f(t) = 3*t**2 - 7*t. Let s(m) = 4*m**2 - 7*m - 1. Let o(i) = 5*f(i) - 4*s(i). What is the tens digit of o(-6)?
1
What is the hundreds digit of -18*((-10 - 0) + (7 - 4))?
1
Let y(s) = 6*s**2 + s + 2. What is the units digit of y(-2)?
4
Suppose 52 + 44 = s. What is the tens digit of s?
9
Suppose -2238 = -12*v - 414. What is the tens digit of v?
5
Suppose 24 + 0 = -4*f. Let v = f + 9. What is the units digit of 12 - (-3 + 5) - v?
7
Let r = -7 - -7. Let q = r - -3. What is the units digit of 2/(3 - (-1 + q))?
2
Let j(v) = v**3 + 2*v**2 + 2*v - 1. Let w be j(-2). Let s = w - -8. Let l(y) = y + 3. What is the units digit of l(s)?
6
Suppose -3*m = m. Let w(k) = -k**3 - 2*k. Let a be w(0). Suppose -2*i + 5*h + 35 - 2 = m, -i + h + 9 = a. What is the units digit of i?
4
Suppose -f - 3*l = -162, 3*f = 3*l - 7*l + 501. What is the hundreds digit of f?
1
Suppose 0*k + 102 = k. What is the hundreds digit of k?
1
Let t(j) = -5*j**2 - 14*j + 2. Let m(d) = -9*d**2 - 27*d + 3. Let c(g) = -4*m(g) + 7*t(g). What is the units digit of c(-10)?
2
What is the units digit of -1 + 9 + 1 + -4?
5
Suppose -7 = -4*o + 3*o + x, 3*o + 2*x = 11. Suppose 0 = y - o*y. Suppose -p + 5*j - 16 = y, -2*p = -4*j + 2*j. What is the units digit of p?
4
Let d = -34 - -55. What is the tens digit of d?
2
Suppose 4*o = -0*o + 112. Suppose 4*m = -4*h + o, -h + 24 = 4*m + 2*h. Suppose -5*x - 6*b + 3*b + 17 = 0, 0 = -x + m*b - 11. What is the units digit of x?
1
Suppose 2*l - 17 - 35 = 0. What is the units digit of l?
6
Let x(n) = 63*n + 17. What is the units digit of x(4)?
9
Let f(y) = -3*y + 6. What is the units digit of f(-6)?
4
Suppose 144 = 4*a - 5*z, -5*a - 6*z + 143 = -3*z. What is the units digit of a?
1
Let r = -44 + 88. What is the units digit of r?
4
Let m(l) = 2*l**2 + 4*l + 1. What is the tens digit of m(-4)?
1
Suppose -4*q + q + 2*c + 4 = 0, -c + 1 = 0. Suppose -5*b + 2*d = 15, 3*b = 5*d - 16 - 12. What is the units digit of -1 + b + 3*q?
4
Suppose -2*d + 262 + 86 = 5*t, -2*t = 0. What is the hundreds digit of d?
1
Suppose -m + 3*m - 6 = 0. Suppose -7*r = -2*r - 5*q, 2*q + 2 = m*r. What is the units digit of 276/20 - r/(-10)?
4
Let w = 27 + -39. Let k = -457 + 297. What is the tens digit of k/w + 1/(-3)?
1
Let n = -23 + 38. What is the tens digit of (-1 - 2) + n + -1?
1
Let i(u) = 5*u**2 - 4*u + 5*u + u. Let p be i(-2). What is the units digit of 12/30 - p/(-10)?
2
Suppose 2*k = 4*l + 32, l + 14 = 4*k + 3*l. What is the units digit of k?
6
What is the units digit of (14/3)/(-7)*-6?
4
Suppose -4 = j - 2. Suppose 0 = -2*f + 4 - 12. Let x = j - f. What is the units digit of x?
2
Let g(j) = -j + 2. Let s be g(4). What is the units digit of (s/6)/((-3)/153)?
7
Let z be (-5 + 4)/((-2)/8). Suppose z*s = -2 + 14. What is the units digit of (12*1)/(s/2)?
8
Let z = -10 + 14. Suppose -2*n - z*w - 10 = -4*n, 2*n = -2*w + 22. What is the units digit of n?
9
Let h(a) = a**2 - 16*a - 3. Let s be h(9). Let k = -41 - s. What is the tens digit of k?
2
Suppose -k + 5 = 2, 0 = f + k - 6. Suppose f*u - 3 = 3. What is the units digit of u*4 + (-1 - 1)?
6
Let r = -34 - -60. What is the tens digit of r?
2
Let c be (2/4)/((-2)/(-8)). Suppose 0 = -c*m - l + 2*l + 8, 0 = -3*m + 2*l + 13. What is the units digit of (m/2)/((-18)/(-96))?
8
Let q = -8 - -13. Let t = -13 + q. What is the units digit of (3/(-2))/(6/t)?
2
Let d be (4 - 0/3)/2. Suppose -d*a + q + 33 = 3*a, -4*a + 3*q = -22. What is the units digit of a?
7
Let n(h) = -h**3 + 5*h**2 - 3*h - 1. Let l be n(4). Let s = 4 - l. What is the units digit of s?
1
Let p(f) = -f**2 - 11*f - 11. Let b(d) = d**2 + 11*d - 9. Let a be b(-11). What is the units digit of p(a)?
7
Let w(i) = -5*i**2 + 5*i + 4. Let r(a) = 14*a**2 - 16*a - 11. Let c(m) = 6*r(m) + 17*w(m). Suppose -g - 14 + 4 = 0. What is the tens digit of c(g)?
1
Let m(g) = 8*g**2 + 4*g - 3. What is the tens digit of m(2)?
3
Let r = -4 - -3. Let m(z) = -3*z**2 - 2*z**2 + 3*z**2 + 7*z**2. What is the units digit of m(r)?
5
Let k(f) = 4 + 0*f**2 + 5 + f**2. Let y be k(0). Suppose 2*t = t + y. What is the units digit of t?
9
Let s be -1*4 + 4 + -3. Let h be 4 + ((-3)/(-1))/s. Suppose h*n - 15 = -2*n. What is the units digit of n?
3
Let t(k) = k**3 + 9*k**2 + 4*k + 3. What is the units digit of t(-5)?
3
Let c(l) = l**2 + 3*l. Let v(k) = 3*k**3 + k**2 - 1. Let j be v(-1). Let b be c(j). Let u = b - -8. What is the units digit of u?
8
Let i be 5/20 - (-782)/8. Suppose -m + i = m. Suppose 5*g = 2*o + 63, -3*g = -0*o - 4*o - m. What is the units digit of g?
1
Let z(g) = 2*g**2 + g + 3. Let t be z(3). Let h be 2/(-12) - (-124)/t. Suppose 3*u = -c + 28, -65 = -h*u - c + 3*c. What is the tens digit of u?
1
Let q = 17 + 84. What is the units digit of q?
1
Let w(v) = v + 2. Let q be w(-5). Let r = q + 5. Suppose -2*p - d - r = -p, 3*p = 3*d + 12. What is the units digit of p?
1
Suppose 0*k + q + 31 = 5*k, -4*k = 5*q - 48. What is the units digit of k?
7
Suppose -b = 5*p + 4 - 33, -4 = -b. Let i(l) = -l**2 - 8*l - 7. Let j be i(-7). Suppose j = -p*z + 9 + 11. What is the units digit of z?
4
Suppose -5*d + 0*d + 20 = 0. Let a be 9/6 - 1/(-2). Suppose d*o + 4 = -4*q, a = -2*q + 4*o + 12. What is the units digit of q?
1
What is the units digit of 2*(-4)/(-24)*93?
1
Suppose 0*l - 3*l = -27. Let y(o) = o**3 - 3*o**2 - 3*o - 5. Let m be y(4). Let v = l - m. What is the units digit of v?
0
Suppose 6*o = -234 + 2238. What is the tens digit of o?
3
Suppose 0*o = d - o - 21, d = -5*o - 3. Suppose -k + d = 5. What is the units digit of k?
2
What is the units digit of (36/30)/((-4)/(-110))?
3
Let g(k) = 5*k**2 - 2*k**2 + 7*k - 3*k - 8 + 4. Let n be g(3). Suppose 5*r + n = 110. What is the units digit of r?
5
Let z be 1/(-4) + (-18)/(-8). Let j(h) = h**3 + 2*h**2 + 2. What is the units digit of j(z)?
8
Let u be 4/10 - 207/(-45). What is the units digit of (u/(-20))/(1/(-68))?
7
Suppose -4*z = -20, 47 = 2*d + 4*z + 15. Let h = d + -4. What is the units digit of h + (-1)/3*0?
2
Let u(t) = -t**3 + 8*t**2 - t + 5. Let r be u(8). Let l be (0 - -2)*r/(-2). Suppose -l*j = -6*y + 3*y + 18, 22 = 3*y - 5*j. What is the units digit of y?
4
Let j(p) = 5*p**2 + 12*p + 4. What is the hundreds digit of j(5)?
1
Suppose 4*c = -1 + 9. What is the tens digit of 1 - c - 39/(-3)?
1
Suppose 7 = -s - 1. Let